- 2. Let f(g) = 9*h(g) + 4*z(g). Let l be f(2). What is the tens digit of (-336)/(-30) + (-2)/l?
1
Suppose -3*t + 21 = -3*q, 3*q + 7 = t + q. Suppose a + 3*d = 7, 0*d + 4*d = a - t. Let u(f) = -f**3 + 7*f**2 + f - 1. What is the units digit of u(a)?
6
Suppose -3*n + 75 = 4*y, -2*y - 33 = -2*n + y. Suppose -n = -3*u - 2*d, -5*u + 13 = -2*d - 2*d. What is the units digit of u?
5
Let q(j) = -j**2 - 16*j - 14. What is the units digit of q(-15)?
1
Let v = 22 + 37. What is the tens digit of v?
5
Suppose -14*r = -18*r + 324. What is the units digit of r?
1
Suppose 0*r = 4*g + 3*r - 142, 5*r + 84 = 2*g. What is the units digit of g?
7
Let m = -15 + 100. What is the units digit of m?
5
Let h be 3/9 - 58/(-6). Suppose 20 = 3*f - h. What is the tens digit of f?
1
Let q(j) = -j**2 + 11*j - 4. Let b be (-30)/(-4) - 4/8. What is the tens digit of q(b)?
2
Let w(f) = -f**2 - 5*f + 4. Let x be (-26)/3*27/18. Let q = -18 - x. What is the units digit of w(q)?
4
Let w(x) = x**2 + 8*x + 1. What is the units digit of w(-8)?
1
Let r(o) = 2*o + 1 + 0 + 6 - o. What is the units digit of r(-6)?
1
Let l(z) = -z - 4. Let t be l(-6). Suppose -2*d - 4 = 3*w, 5*w - 1 = -t*d - 5. Let o(s) = -s**2 + s + 7. What is the units digit of o(w)?
7
Let z = 21 + -13. Let a be z/12 - (-20)/(-3). What is the units digit of 8/3 + a/9?
2
Let n(w) = 24*w - 48. What is the units digit of n(5)?
2
Let z = -3 + 0. Let q(r) = r**2 + 2*r + 3. Let n be q(z). Let y = n - 2. What is the units digit of y?
4
Suppose 2*w - 3*x + 12 = 0, -5*w - 2*x - 14 - 16 = 0. Let r = 4 - w. Suppose c - 7 - 1 = -u, -r = -c + u. What is the units digit of c?
9
Let d = -69 + 153. What is the units digit of d?
4
Suppose -7*v + 214 = -2*v + 2*b, b = -2*v + 85. What is the units digit of v?
4
Suppose -8*g = -3*g - 10. Suppose 5*i + g*o = 27, 4*i - 5*o = -11 + 26. Suppose i*j - 2*j - 3*z - 42 = 0, z + 44 = 4*j. What is the tens digit of j?
1
Let m(k) = -k**2 + 6*k - 5. Let w be m(4). Suppose -2*l = -75 - w. What is the units digit of l?
9
Let l(t) = -t**3 - 5*t**2 - 2*t - 2. Suppose 3*g = 2*g + 4. Suppose -2*y + 4*p = 2, -4*p + g + 3 = -3*y. What is the units digit of l(y)?
8
Let w(r) = 7*r**2 + 4*r - 1. What is the units digit of w(3)?
4
Suppose -2*m + 7 = -3, 5*m + 435 = 5*k. What is the tens digit of k?
9
Let q(r) = r**2 + 9*r - 7. Let n be q(-10). What is the units digit of (-6)/(((-27)/6)/n)?
4
Suppose -10*a + 5*a = -145. What is the tens digit of a?
2
Let p(k) = 5*k**2 - 4*k - 1. What is the units digit of p(3)?
2
Suppose -o = 2*z - 4*o + 3, z + 12 = 5*o. Suppose 3*x + 31 = i + 7*x, x + 54 = z*i. What is the units digit of i?
9
Suppose 0 = -3*d + s - 170, -250 = 5*d + 6*s - s. Let q = 95 + d. What is the units digit of q?
0
Let m(y) = y**3 + 9*y**2 + 11*y + 7. Let a be m(-7). Let c = a - -3. What is the units digit of c?
1
Let u = -1 + -1. Suppose 0 = 3*d + 3*z + 12, 2*z = 6*z + 12. What is the units digit of 2 - (u/(-2) + d)?
2
Let c(n) = -n**2 + 15*n - 16. Let w(k) = -k**3 - 7*k**2 - 3*k - 10. Let g be w(-7). What is the tens digit of c(g)?
2
Let j(f) = f**2 + 2*f - 10. What is the units digit of j(-8)?
8
Suppose -105 = -3*t - 0*t. What is the tens digit of t?
3
Suppose 0 = 20*t - 2320 - 3900. What is the units digit of t?
1
Suppose 0 = -4*y + 2*y + 40. Suppose x + x = 5*l + 41, 4*l = -5*x + y. What is the units digit of x?
8
Let b = -2 + 4. Suppose -3*i + 2*i + 8 = 0. Suppose 5*t + 5*s - 9 - 16 = 0, b*s = -t + i. What is the units digit of t?
2
Suppose -26 = -3*x + 4*r, 3*x + 5*r = r - 14. Suppose -x*b - 7*n = -3*n - 24, 3*b - 52 = -2*n. Let y = 37 - b. What is the tens digit of y?
1
Let t(a) = -5*a - 3. Let f = 2 + -4. What is the units digit of t(f)?
7
Let f(a) = -9*a + 1. Let j(h) = h**2 + 6*h - 3. Let r be j(-6). What is the units digit of f(r)?
8
Let s(z) = -z**2 + 13*z - 5. Let i be -2*(-11)/4*2. What is the tens digit of s(i)?
1
Let a = 51 + 10. What is the tens digit of a?
6
Suppose 3*g = -0*g + 12. Suppose y = -0*y - g. Let o = 6 + y. What is the units digit of o?
2
Let l(m) = m**3 + 9*m**2 + 9*m + 7. Let j be l(-8). Suppose -4*r - 5*y = 21, 5*r = 4*r + 4*y + 21. Let b = r - j. What is the units digit of b?
2
Let j = 118 + -18. What is the tens digit of j?
0
Let w(y) = 5*y**2 + 4*y + 5. Let o(s) = -26*s**2 - 20*s - 26. Let l(b) = 2*o(b) + 11*w(b). Let z = 8 + -10. What is the units digit of l(z)?
7
Let d be 12/(-10)*10/(-3). Let f = -6 + d. What is the units digit of (-14)/(-18) - f/9?
1
Let z be (-6)/(-3)*(-17)/2. Let p be (-82)/8 - (-2)/8. Let a = p - z. What is the units digit of a?
7
Let n = 11 + -14. Let x(t) = -t. Let z be x(n). Suppose 9 = z*m - 2*m. What is the units digit of m?
9
Let c = 129 + -13. What is the hundreds digit of c?
1
Let k(w) = 25*w**2 - 3*w - 3. What is the hundreds digit of k(-2)?
1
Let f(i) = i**2 + 2*i + 5 + 2*i**2 + 3*i - 2*i**2. What is the units digit of f(-9)?
1
Let p = 11 - -9. What is the units digit of p?
0
Let u(j) = -3*j**3 + j**2 + 2*j + 1. Let y be (0/3 - 2)/2. Let f be u(y). Suppose -5*q - f + 23 = 0. What is the units digit of q?
4
Let m(z) = 11*z**3 - 7*z**2 + 15*z + 2. What is the hundreds digit of m(3)?
2
Let g(a) = -a**2 - 6*a - 2. Let i be g(-5). Suppose 1 = n - i. What is the units digit of n?
4
Suppose 0 = 4*r - 359 + 67. What is the units digit of r?
3
Suppose -l - 3 = -4*l. Let x = 1 + l. Suppose 4*s = f + 5, -12 = -2*f - 4*s + x. What is the units digit of f?
3
Let z be (120/4 - 4)/2. Let c(g) = -g**2 + 16*g - 17. What is the units digit of c(z)?
2
Let f(n) = -121*n + 6. What is the hundreds digit of f(-1)?
1
Let h(l) = 0*l - 2 + 4*l - 3*l. Let u = 9 - 4. What is the units digit of h(u)?
3
Suppose -2*r - 3*r = 25. Let w = r - -7. What is the units digit of w + (1 + 2 - 2)?
3
Let t(c) = c + 17. Let w be t(-15). Suppose 0 = 3*y - 5*a - 170, -4*y + w*a + 204 = -4. What is the tens digit of y?
5
Let y(i) = -3*i**2 + 3 + 5*i + 2*i**2 + 3*i. Suppose 0 = 2*p + 8 - 18. What is the tens digit of y(p)?
1
What is the tens digit of (3*13)/(21/35)?
6
Let m be -1 + (10*1)/2. Suppose o = -3*x + 118, -o + 36 = x + o. What is the units digit of x/18 - m/18?
2
Let o(w) = w**3 - 11*w**2 - 8*w - 4. Let v be o(12). Let r = -28 + v. What is the tens digit of r?
1
Suppose 0 = 4*c - 0*s - s + 5, c = -s - 5. Let z(w) = -w**2 + 0*w**2 + w**3 - 3*w - 3 + 4*w**2. What is the units digit of z(c)?
7
Suppose 2*l - l = 5*n - 1141, 3*n = 2*l + 679. What is the hundreds digit of n?
2
Suppose -u - 6 = -0*u. Let z = u - -10. Suppose z*r + 19 = k, 0*k - 2*r = -2*k + 20. What is the units digit of k?
7
Suppose b - 4*b + 3 = 0. Let h = -1 - b. Let s = h - -4. What is the units digit of s?
2
Let a = -4 + 1. Let j be 12/(-9)*a*1. Suppose j*s = s + 21. What is the units digit of s?
7
Let g(n) = n**2 - 16*n + 31. What is the units digit of g(14)?
3
Let r be (11/(-2) - -2)*-2. Let o be r*(0 + (-12)/(-14)). Let h(q) = q + 1. What is the units digit of h(o)?
7
Let k = -55 - -77. Suppose -g = g - k. Suppose -g = -0*n - n. What is the tens digit of n?
1
Suppose -3*d = 5*m - 531, 2*m - 305 = -m + 5*d. What is the units digit of m?
5
Suppose -5*w + 3*x = -x - 296, -5*w = -5*x - 295. What is the tens digit of w?
6
Suppose -17*j = -10*j - 994. What is the hundreds digit of j?
1
Let h(a) = -a - 1. Let g be h(-4). Suppose -g*z + 60 + 9 = 0. Suppose -5*d = m + 3*m - z, 2*d = m - 9. What is the units digit of m?
7
Suppose 3*o - 2 = -5. Let k(f) = -36*f**3 - 2*f**2 + 1. What is the units digit of k(o)?
5
Let i be 3/(-6)*-4 - 14. Let q = i - -22. What is the tens digit of q?
1
Suppose 0 = 10*g - 14*g + 28. Suppose -g*m + 3*m + 124 = 0. What is the units digit of m?
1
Let o = -4 + 5. What is the tens digit of (-60)/(-4) + 1 + o?
1
Let c = -11 - -20. Let j = c + 1. Suppose 2*r = -5*d + 18, 4*d - j = 5*d - 3*r. What is the units digit of d?
2
Let q(a) = -a**3 - 3*a**2 + 7*a - 5. What is the units digit of q(-7)?
2
Suppose 3*y = 3*p - 45, 0 = 4*y + 3*p + 64 + 3. Let j = 34 + y. What is the units digit of (j/(-2))/(6/(-4))?
6
Let k be 39/(-12) - (-2)/8. What is the units digit of (k/2)/((-1)/6)?
9
Let m = -2 + 14. Suppose 4*z = -4*f + 152, -m + 0 = 4*z. What is the units digit of f?
1
Let d = -42 - -82. Let s = 66 - d. What is the units digit of s?
6
What is the units digit of -9 - -13 - (-200 - -2)?
2
Suppose